igit of 171291?
9
What is the units digit of 1454350?
0
What is the tens digit of 175210?
1
What is the hundred thousands digit of 1976415?
9
What is the hundreds digit of 3126459?
4
What is the hundreds digit of 279730?
7
What is the hundreds digit of 9709265?
2
What is the units digit of 3225162?
2
What is the ten thousands digit of 3829081?
2
What is the millions digit of 6019200?
6
What is the units digit of 18609859?
9
What is the thousands digit of 13625291?
5
What is the ten thousands digit of 946787?
4
What is the ten thousands digit of 254794?
5
What is the millions digit of 13740152?
3
What is the units digit of 2345180?
0
What is the tens digit of 608361?
6
What is the thousands digit of 3177535?
7
What is the tens digit of 124535?
3
What is the thousands digit of 168300?
8
What is the tens digit of 1948865?
6
What is the units digit of 92329?
9
What is the ten thousands digit of 8113305?
1
What is the units digit of 4502?
2
What is the ten thousands digit of 1360294?
6
What is the units digit of 21240418?
8
What is the ten thousands digit of 13420260?
2
What is the thousands digit of 222272?
2
What is the units digit of 232930?
0
What is the tens digit of 187043?
4
What is the ten thousands digit of 1243317?
4
What is the thousands digit of 1990504?
0
What is the hundreds digit of 1477570?
5
What is the tens digit of 110724?
2
What is the tens digit of 4099318?
1
What is the hundreds digit of 9616350?
3
What is the millions digit of 4964499?
4
What is the ten thousands digit of 1025015?
2
What is the tens digit of 3821839?
3
What is the ten thousands digit of 63618?
6
What is the hundreds digit of 61457?
4
What is the ten thousands digit of 27303?
2
What is the hundreds digit of 1419759?
7
What is the hundreds digit of 360250?
2
What is the units digit of 558849?
9
What is the tens digit of 183846?
4
What is the ten thousands digit of 19581611?
8
What is the ten thousands digit of 16269335?
6
What is the thousands digit of 414895?
4
What is the tens digit of 118727?
2
What is the hundreds digit of 6746259?
2
What is the tens digit of 467805?
0
What is the units digit of 509859?
9
What is the hundreds digit of 359675?
6
What is the thousands digit of 12135150?
5
What is the hundred thousands digit of 9407665?
4
What is the hundreds digit of 46052?
0
What is the millions digit of 12540338?
2
What is the tens digit of 1114789?
8
What is the units digit of 210538?
8
What is the units digit of 4743717?
7
What is the ten millions digit of 33450176?
3
What is the tens digit of 3908584?
8
What is the tens digit of 121171?
7
What is the millions digit of 2271666?
2
What is the ten millions digit of 30022160?
3
What is the hundreds digit of 6687528?
5
What is the millions digit of 4548210?
4
What is the millions digit of 8664079?
8
What is the ten millions digit of 21331526?
2
What is the hundred thousands digit of 550897?
5
What is the ten thousands digit of 4249940?
4
What is the hundreds digit of 501661?
6
What is the units digit of 1066241?
1
What is the hundred thousands digit of 2226148?
2
What is the hundreds digit of 4508?
5
What is the units digit of 3395084?
4
What is the tens digit of 417664?
6
What is the hundred thousands digit of 376698?
3
What is the tens digit of 5012137?
3
What is the hundred thousands digit of 1953726?
9
What is the ten thousands digit of 1038791?
3
What is the millions digit of 1747397?
1
What is the millions digit of 8623268?
8
What is the hundreds digit of 38707700?
7
What is the millions digit of 10699075?
0
What is the units digit of 2913990?
0
What is the hundred thousands digit of 617832?
6
What is the thousands digit of 1139401?
9
What is the units digit of 1042173?
3
What is the units digit of 671269?
9
What is the ten thousands digit of 346124?
4
What is the millions digit of 22321624?
2
What is the tens digit of 20215?
1
What is the thousands digit of 43802?
3
What is the hundreds digit of 7051995?
9
What is the tens digit of 1972?
7
What is the millions digit of 2289502?
2
What is the ten thousands digit of 815256?
1
What is the thousands digit of 876812?
6
What is the millions digit of 4210387?
4
What is the hundred thousands digit of 5209185?
2
What is the tens digit of 772178?
7
What is the hundred thousands digit of 192158?
1
What is the ten thousands digit of 226230?
2
What is the hundred thousands digit of 8335657?
3
What is the units digit of 14657360?
0
What is the tens digit of 2381489?
8
What is the ten thousands digit of 5995674?
9
What is the hundred thousands digit of 2382825?
3
What is the hundred thousands digit of 1569843?
5
What is the ten thousands digit of 316384?
1
What is the ten thousands digit of 6696075?
9
What is the hundred thousands digit of 16552244?
5
What is the tens digit of 290516?
1
What is the ten thousands digit of 220952?
2
What is the thousands digit of 597534?
7
What is the hundreds digit of 481429?
4
What is the tens digit of 2371962?
6
What is the tens digit of 41885607?
0
What is the hundreds digit of 165716?
7
What is the thousands digit of 241137?
1
What is the thousands digit of 63581?
3
What is the hundred thousands digit of 745791?
7
What is the thousands digit of 541695?
1
What is the tens digit of 195594?
9
What is the thousands digit of 511287?
1
What is the ten thousands digit of 5956506?
5
What is the ten thousands digit of 6506641?
0
What is the units digit of 1726297?
7
What is the hundreds digit of 7881325?
3
What is the hundred thousands digit of 896626?
8
What is the units digit of 147728?
8
What is the units digit of 81147?
7
What is the millions digit of 30810221?
0
What is the hundreds digit of 606263?
2
What is the tens digit of 4758572?
7
What is the ten thousands digit of 77615?
7
What is the units digit of 11334444?
4
What is the hundred thousands digit of 7728578?
7
What is the hundreds digit of 642175?
1
What is the ten thousands digit of 4337973?
3
What is the tens digit of 238152?
5
What is the hundreds digit of 292020?
0
What is the thousands digit of 895235?
5
What is the millions digit of 1424227?
1
What is the hundreds digit of 674688?
6
What is the ten thousands digit of 23549647?
4
What is the thousands digit of 1120855?
0
What is the hundred thousands digit of 3257036?
2
What is the thousands digit of 70255?
0
What is the hundreds digit of 165080?
0
What is the units digit of 935419?
9
What is the tens digit of 723340?
4
What is the units digit of 407323?
3
What is the ten thousands digit of 7611373?
1
What is the units digit of 90770?
0
What is the ten thousands digit of 81057?
8
What is the thousands digit of 4323586?
3
What is the hundreds digit of 172257?
2
What is the hundreds digit of 4295524?
5
What is the hundred thousands digit of 1036944?
0
What is the hundred thousands digit of 18740252?
7
What is the tens digit of 979647?
4
What is the thousands digit of 765340?
5
What is the units digit of 1300958?
8
What is the units digit of 257524?
4
What is the hundred thousands digit of 2720310?
7
What is the thousands digit of 1569997?
9
What is the units digit of 19592?
2
What is the ten thousands digit of 89573?
8
What is the hundred thousands digit of 9152946?
1
What is the hundred thousands digit of 4524022?
5
What is the tens digit of 3403621?
2
What is the hundreds digit of 18603670?
6
What is the units digit of 292867?
7
What is the hundreds digit of 274413?
4
What is the hundred thousands digit of 681622?
6
What is the tens digit of 2105195?
9
What is the millions digit of 7522071?
7
What is the hundreds digit of 41388?
3
What is the units digit of 663218?
8
What is the ten millions digit of 11505636?
1
What is the units digit of 1913197?
7
What is the hundreds digit of 357871?
8
What is the tens digit of 1045972?
7
What is the tens digit of 19891514?
1
What is the hundred thousands digit of 2993026?
9
What is the thousands digit of 7913370?
3
What is the millions digit of 36770120?
6
What is the millions digit of 7793566?
7
What is the tens digit of 144659?
5
What is the units digit of 544634?
4
What is the millions digit of 1792222?
1
What is the ten thousands digit of 73333?
7
What is the thousands digit of 793679?
3
What is the thousands digit of 25281085?
1
What is the hundreds digit of 231055?
0
What i